 d(o) = -o**2 + 28*o - 27. Determine d(26).
25
Let p(s) = s**2 + 61*s - 259. Calculate p(4).
1
Let h(l) = -l**2 - 6*l + 5. Calculate h(-5).
10
Let l(d) = d**3 - 19*d**2 - 40*d - 38. Give l(21).
4
Let z(t) = 3*t + 15. Give z(-6).
-3
Let c(o) = 2*o**2 + 20*o + 16. What is c(-9)?
-2
Let i(u) = 4*u**2 + 11*u - 16. Give i(-3).
-13
Let a(m) = m**3 + 11*m**2 + 4*m - 39. Give a(-10).
21
Let u(q) = q - 2. What is u(4)?
2
Let a(x) = 2*x**3 + 13*x**2 - 10*x - 17. What is a(-7)?
4
Let g(k) = 2*k**2 + 10*k + 5. What is g(-7)?
33
Let l(j) = 9*j + 32. Calculate l(-5).
-13
Let f(p) = -p**3 + p**2 + 13*p - 6. Give f(3).
15
Let u(i) = -5*i + 3. Determine u(-5).
28
Let p(r) = 3*r + 3. What is p(-6)?
-15
Let c(a) = -4*a**3 + a**2 + 3*a + 1. Calculate c(-2).
31
Let r(b) = -b + 7. Determine r(-11).
18
Let x(r) = -r**3 + 8*r**2 - 3*r + 19. Calculate x(8).
-5
Let a(p) = p**3 + 17*p**2 + 17*p + 16. Give a(-16).
0
Let s(u) = u**3 - 3*u**2 + 6*u - 10. Calculate s(4).
30
Let f(j) = -8*j + 27. Give f(4).
-5
Let o(q) = -q**3 + q**2 - q - 21. Calculate o(0).
-21
Let t(r) = -r**2 + 4*r - 2. Calculate t(6).
-14
Let x(s) = -s - 2. What is x(-16)?
14
Let p(b) = -b**2 - 13*b - 48. Give p(-5).
-8
Let i(t) = 4*t**2 - 19*t - 1. Calculate i(5).
4
Let p(a) = a**3 + 10*a**2 + 15*a + 68. Determine p(-9).
14
Let m(n) = -4*n - 2. Determine m(-2).
6
Let z(a) = -a**2 - 4*a + 17. Give z(-7).
-4
Let i(c) = -c**3 + 8*c**2 - 3*c - 1. What is i(8)?
-25
Let l(y) = y**3 - 10*y**2 - 57*y - 2. What is l(-4)?
2
Let z(j) = j + 21. What is z(21)?
42
Let l(q) = -3*q + 9. Determine l(6).
-9
Let m(l) = l**2 - 5*l + 9. Determine m(3).
3
Let f(s) = s**3 - 6*s**2 + 8*s - 3. Determine f(3).
-6
Let a(b) = -9*b**3 - 5*b**2 + 5*b - 1. Give a(1).
-10
Let u(l) = 6*l**2 + 2*l + 3. Calculate u(-3).
51
Let c(z) = -z**2 - 38*z - 225. What is c(-7)?
-8
Let f(t) = t**3 - 44*t**2 - 2*t + 93. What is f(44)?
5
Let c(b) = 17*b**3 - 3*b**2 + 2. Calculate c(2).
126
Let x(v) = -12*v + 4. Determine x(7).
-80
Let c(x) = x - 25. Determine c(13).
-12
Let b(r) = -r**2 - 7*r + 1. What is b(-4)?
13
Let g(s) = -9*s - 13. Give g(-2).
5
Let q(w) = -5*w**2 + 14*w + 17. Give q(-1).
-2
Let g(j) = 5*j - 3. Give g(-3).
-18
Let t(p) = -p**2 + 7*p + 17. What is t(7)?
17
Let l(i) = -i**2 + 5*i + 15. Give l(11).
-51
Let d(q) = -11*q**2 - 2*q - 1. Calculate d(-1).
-10
Let r(w) = -3*w + 11. Determine r(6).
-7
Let o(m) = -m**3 - 56*m**2 + 177*m - 5. Give o(-59).
-5
Let a(j) = -2*j**3 - 13*j**2 + 10*j + 2. Give a(-7).
-19
Let y(r) = r**3 - 13*r**2 + 2*r - 1. Give y(13).
25
Let z(t) = -t**3 - 5*t**2 + 3*t + 7. Calculate z(-5).
-8
Let t(k) = -k**3 + 9*k**2 + 2*k - 26. Calculate t(9).
-8
Let g(q) = -3*q**2 - 3*q + 1. Give g(3).
-35
Let z(v) = -v**2 + 6. What is z(-4)?
-10
Let h(g) = -g**3 + 20*g**2 + 20*g + 20. Determine h(21).
-1
Let g(c) = -c**3 - 9*c**2 - 2*c - 6. Give g(-6).
-102
Let g(l) = l**3 - 9*l**2 - 11*l - 8. Determine g(10).
-18
Let s(b) = b**2 + 8*b + 20. What is s(-6)?
8
Let q(y) = -y**3 - 19*y**2 + 41*y - 46. Give q(-21).
-25
Let h(n) = 2*n + 11. Calculate h(-10).
-9
Let g(z) = 3*z**2 + 120*z + 106. Give g(-39).
-11
Let v(n) = -n**3 - 6*n**2 + 53*n + 3. What is v(5)?
-7
Let f(i) = -2*i**3 - 3*i**2 + 2. Determine f(-3).
29
Let u(z) = 43*z**2. What is u(1)?
43
Let h(d) = 30*d - 389. Give h(13).
1
Let l(j) = -28*j - 87. Calculate l(-3).
-3
Let m(g) = 9*g**2 + 19*g + 3. Calculate m(-2).
1
Let q(z) = 2*z**2 - 12*z - 14. Give q(6).
-14
Let a(n) = -n**3 - 13*n**2 + 14*n + 32. Calculate a(-14).
32
Let z(w) = -2*w - 24. Give z(-8).
-8
Let l(c) = c**2 - 16*c - 43. Give l(18).
-7
Let j(f) = -3*f**2 - 9*f + 46. Give j(5).
-74
Let l(x) = 4*x - 10. Determine l(-8).
-42
Let i(v) = -v**2 + 8*v + 38. What is i(11)?
5
Let g(n) = -5*n + 202. Calculate g(39).
7
Let m(q) = -q - 5. Give m(4).
-9
Let h(b) = -b**3 - b**2 + 4*b + 9. Calculate h(0).
9
Let j(f) = -3*f**3 + 2*f**2 - 1. Give j(2).
-17
Let p(w) = 9*w - 2. Give p(5).
43
Let c(x) = 87*x + 690. What is c(-8)?
-6
Let v(j) = -j**3 + 9*j**2 - 15*j - 11. What is v(7)?
-18
Let z(l) = 12*l - 62. Determine z(5).
-2
Let n(j) = -j**2 - 14*j - 38. Calculate n(-15).
-53
Let p(n) = 2*n**2 - 11*n + 19. Determine p(3).
4
Let g(y) = -10*y**2 - 1. What is g(-2)?
-41
Let y(g) = g**2 + 6*g - 47. Calculate y(-10).
-7
Let i(j) = -j**3 - 16*j**2 - 13*j + 37. Give i(-15).
7
Let z(q) = 59*q - 750. Calculate z(13).
17
Let i(v) = v**2 + 4*v - 12. What is i(-6)?
0
Let t(y) = -63*y + 883. Give t(14).
1
Let a(k) = -3*k**3 - 25*k**2 - 11*k - 24. Determine a(-8).
0
Let y(q) = q**2 - 4*q - 77. Determine y(11).
0
Let i(z) = 12*z + 367. Give i(-30).
7
Let v(g) = g**3 + 4*g**2 - 3*g + 7. What is v(-5)?
-3
Let i(l) = l**3 + 9*l**2 + 19*l + 16. Calculate i(-7).
-19
Let t(k) = 5*k - 5. Determine t(7).
30
Let y(b) = 27*b**2 + 18*b - 1. Determine y(-1).
8
Let y(d) = -d**3 - 13*d**2 + d + 15. What is y(-13)?
2
Let f(x) = x**3 + 14*x**2 + 44*x - 16. Determine f(-9).
-7
Let j(z) = -7*z**2 - 3*z - 1. What is j(-3)?
-55
Let p(m) = -m + 1. Give p(-15).
16
Let d(t) = -t**3 - 11*t**2 + 11*t - 7. Give d(-12).
5
Let z(o) = -o**3 + 8*o**2 + 2*o - 9. Determine z(7).
54
Let f(a) = a**2 - 1. What is f(-5)?
24
Let z(h) = -h**2 + 52*h - 234. Calculate z(47).
1
Let j(t) = t**2 + 7*t - 8. Calculate j(-10).
22
Let x(d) = 26*d**2 - d - 1. Determine x(-1).
26
Let f(n) = 6*n + 15. What is f(0)?
15
Let t(p) = -29*p - 111. Determine t(-4).
5
Let w(v) = 2*v - 9. Give w(10).
11
Let f(o) = 4*o + 157. Give f(-38).
5
Let m(n) = -n**3 + 6*n**2 - 18*n + 33. Determine m(4).
-7
Let o(l) = l**3 + l - 9. What is o(2)?
1
Let s(r) = r**3 - 6*r**2 - r + 7. Determine s(6).
1
Let u(c) = -c**2 - 13*c - 28. Give u(-9).
8
Let a(r) = -r**2 + 9*r - 5. Determine a(8).
3
Let w(g) = -g**3 + 11*g**2 - 7*g - 11. What is w(10)?
19
Let q(o) = -2*o**2 + 6*o - 6. Give q(4).
-14
Let s(c) = -31*c**2 - c + 2. Determine s(1).
-30
Let h(m) = -7*m**2 - 209*m + 25. What is h(-30)?
-5
Let s(u) = u**3 - u + 22. What is s(0)?
22
Let d(i) = i**3 + 6*i**2 - 185*i - 12. Determine d(11).
10
Let a(g) = g**2 + 10*g + 21. Determine a(-5).
-4
Let u(r) = -r**2 - 19*r - 38. Determine u(-17).
-4
Let a(x) = -x**2 + 9*x + 16. Give a(11).
-6
Let x(z) = z**2 - 5*z. What is x(4)?
-4
Let x(b) = b**2 - 22*b. Determine x(23).
23
Let x(a) = 2*a**3 - 41*a**2 + 25*a - 46. Give x(20).
54
Let a(j) = -4*j. Determine a(6).
-24
Let q(b) = -4*b - 27. What is q(-9)?
9
Let w(o) = o**2 - 6*o + 1. Determine w(5).
-4
Let j(s) = s - 8. Determine j(6).
-2
Let p(g) = 17*g - 8. Give p(-2).
-42
Let a(x) = 2*x + 7. Determine a(-5).
-3
Let n(c) = -c - 3. What is n(6)?
-9
Let y(d) = 4*d**2 + 5. Give y(-3).
41
Let l(p) = p - 38. What is l(30)?
-8
Let c(o) = -2*o - 7. Calculate c(-7).
7
Let h(a) = -8*a - 69. Give h(-14).
43
Let r(y) = -y**2 + 15*y - 47. What is r(12)?
-11
Let a(p) = -p**3 - 6*p**2 + 109*p - 37. What is a(-14)?
5
Let n(y) = 11*y + 89. Calculate n(-8).
1
Let v(s) = -8*s + 28. Determine v(10).
-52
Let r(i) = i**2 - 6*i + 10. Determine r(5).
5
Let q(p) = 4*p**2 - 32*p - 7. Determine q(8).
-7
Let a(q) = -q**3 + 5*q**2 + 15*q + 8. Determine a(7).
15
Let x(w) = 4*w + 1. Determine x(1).
5
Let d(b) = 23*b - 4. What is d(1)?
19
Let o(n) = n - 7. Determine o(11).
4
Let g(w) = 2*w - 85. What is g(35)?
-15
Let k(t) = -31*t**3 + 3*t**2 - 1. Give k(1).
-29
Let y(b) = -b - 11. Determine y(-14).
3
Let o(w) = -w**3 + 24*w**2 + 31*w - 17. Determine o(25).
133
Let s(n) = n**2 + 10*n - 3. Determine s(-11).
8
Let p(v) = 2*v**3 - 38*v**2 - 3*v + 38. Determine p(19).
-19
Let m(a) = -a**2 + 12*a - 74. Calculate m(14).
-102
Let z(y) = 131*y - 259. Give z(2).
3
Let r(k) = -k**3 + 8*k**2 - 4*k - 16. What is r(7)?
5
Let d(s) = 11*s + 1. Calculate d(1).
12
Let q(h) = -7*h**2 + 118*h + 12. Calculate q(17).
-5
Let x(b) = 3*b**2 - 2*b + 1. Calculate x(1).
2
Let j(z) = -2*z**2 + 22*z + 24. Calculate j(13).
-28
Let f(m) = -2*m + 80. Calculate f(40).
0
Let u(g) = g + 9. Give u(-8).
1
Let o(j) = j**3 + 24*j**2 - 31*j - 58. What is o(-25)?
92
Let n(g) = -5*g**3 - 2*g. Determine n(1).
-7
Let o(j) = -17*j. What is o(2)?
-34
Let p(o) = 166*o**3 + 3*o**2 + 2*o - 1. Calculate p(-1).
-166
Let y(x) = -x**3 - 5*x**2 + 4*x + 7. What is y(-5)?
-13
Let w(a) = -a**3 + 10*a**2 - 23*a - 11. What is w(6)?
-5
Let f(u) = -12*u + 191. What is f(15)?
11
Let q(k) = 8*k + 3. Determ